 j(d).
-13
Let g(b) be the third derivative of b**4/6 - b**3/6 + 5*b**2 + 8*b. Let k be -1*(-1 - 2 - 0). Calculate g(k).
11
Let p(t) = -t**3 - 14*t**2 - 29*t - 19. Let x be p(-12). Let a(l) = 42 + x - l - 84. Let k(g) = -4*g + 2. Let c be k(2). Give a(c).
5
Let g(a) = -21*a - 2*a**2 + 3*a**2 - a - 101 + 222 - 97. What is g(21)?
3
Let i(r) = r**3 + 3*r**2 - r - 4. Suppose 3*z - 11*z - 1496 = 0. Let j = -276 - z. Let u = 86 + j. What is i(u)?
-1
Let y be 4 - 2*3/(15/(-10)). Suppose 4*j - y*k = -3*k - 20, 0 = -4*k. Let i(l) = l**3 + 3*l**2 - 6*l + 1. Determine i(j).
-19
Let a(w) = w**3 + 9*w**2 + w. Let j = 14 - 19. Let d be 27/3 + (j - -1). Suppose -2*r - 23 = -d. Determine a(r).
-9
Let t(l) be the first derivative of -l**3/3 + 31*l**2/2 + 175*l - 1094. Calculate t(36).
-5
Let w = 200 + -325. Let g be 4/(-6) - w/(-15). Let z(y) = -y**2 - 8*y + 1. Calculate z(g).
-8
Suppose 5*k = -0*k + 30. Suppose -q + 4*r + k = -3*q, 0 = -4*q + r + 6. Let x(s) be the second derivative of 5*s**4/12 + s**3/3 - s**2/2 - 3*s. Determine x(q).
6
Suppose 2*m - 24 = -2*c, 4*c - 6 = 77*m - 78*m. Let g = 1 - -2. Let a(o) = -4*o**2 + o + 0*o**g - 2*o**3 - 4*o. Calculate a(c).
6
Let t(v) be the third derivative of -v**6/120 - v**5/20 + 5*v**4/24 + v**3/3 + 3*v**2 + 97. Suppose -4*m - 3 = 3*b, 0*b - 12 = -4*b. Calculate t(m).
-13
Let r(y) be the second derivative of -y**5/20 + 5*y**3/2 + y**2 - 597*y + 2. Determine r(4).
-2
Let g(u) = -11*u + 16. Let j(m) = 13*m - 19. Let v(w) = 7*g(w) + 6*j(w). Suppose 11 = -r + 17. Give v(r).
4
Let b(n) = -120*n**3 + 60*n**3 + n - 95 + 86 - 5*n**2 + 59*n**3. What is b(-7)?
82
Let j(t) = -t**3 + 6*t**2 - 14*t + 20. Let o = 3454 - 3451. Calculate j(o).
5
Let z(p) be the third derivative of -p**5/60 - 5*p**4/12 - 2*p**3 - 5*p**2 - 16. Calculate z(-11).
-23
Let i(y) = y**2 + 37*y + 254. Let c(x) = -11*x**2 - 1035*x - 103. Let v be c(-94). Calculate i(v).
2
Suppose 5*s - 3*q - 35 = 0, -2*q - 39 = -3*s - 17. Let m(z) be the first derivative of -11 + s*z**2 - 7/3*z**3 - 5*z + 1/4*z**4. Give m(6).
7
Let z be ((-28)/49)/(1/(-7)). Let q(t) = -15*t + 7 + z*t + 12*t. Calculate q(-3).
4
Suppose 2*m - 4 = -s + 17, -3*m - 6 = -s. Suppose s = 439*o - 434*o. Let x(k) = -6*k + 6. Determine x(o).
-12
Let m(t) = t. Let g(y) = y**3 - 14*y**2 - 23*y. Let v be g(17). Let l = v - 481. What is m(l)?
-5
Suppose -2*d - 2 = 2*c, c - 4*c - 6 = 4*d. Let a = 20 - 17. Let q(z) = -108*z + 54*z + a + 56*z. Determine q(d).
-3
Let s = -84 - -79. Let w be -1 + 5 + s/5. Let b(z) = -2 - 3678*z - w + 3677*z. Calculate b(0).
-5
Let u be 2/((-10)/(-180)*-4)*2/(-6). Let d(q) = -29*q - 5. Calculate d(u).
-92
Let n = 10 + -13. Let m(z) = 5*z**3 + z**2 + 4*z + 13. Let b(w) = -9*w**3 - 2*w**2 - 6*w - 23. Let l(k) = -4*b(k) - 7*m(k). Give l(n).
-5
Suppose -18*v - 1077 = -1113. Let y(j) = -5*j**3 + 12*j**2 - 8*j + 2. Give y(v).
-6
Let z(b) = -b**3 + 19*b**2 + 18*b + 48. Let a(y) = y**3 + 25*y**2 + 38*y - 164. Let d be a(-23). Give z(d).
8
Let f(s) = -1 - 9*s + 6*s + 6*s. Suppose -498*n + 2 = -468*n - 58. Calculate f(n).
5
Suppose 2*k - 5*y + y - 10 = 0, k = -2*y - 3. Let g(q) = 2*q + 3 - 2 + 2*q. Calculate g(k).
5
Let u(q) = -2*q + 9. Suppose 0 = 4*p - h - 11, 4*p - 45 = -p - 5*h. Suppose p*f = -3*z + 24, f + 2 = -4*z + 8. Give u(f).
-3
Let k(t) = t**2 + 5*t - 8. Let h be (7 + (-286)/39)*-12. Give k(h).
28
Let h(r) = 16*r + 20. Let d(a) = -13 - 4*a + 12*a + 4 - 12*a - 3*a. Let c(j) = -9*d(j) - 4*h(j). Calculate c(3).
-2
Let o(k) = -4*k**3 - 18*k**2 - 6*k + 12. Let a(r) = r**3 - 2*r**2 + 3*r + 1. Let j(b) = -3*a(b) - o(b). What is j(-24)?
57
Suppose -u - p = 28, u + 6*p - 4*p + 26 = 0. Let v be 0 + ((-36)/u)/((-6)/(-100)). Suppose -15*g - v + 5 = 0. Let m(b) = -2*b**3 + b. Calculate m(g).
1
Let f(b) = -4 + 2*b**3 + 11*b**3 - 5*b**3 + 1 + 2. Suppose 0 = -v - 2*v - 33. Let k = 10 + v. Determine f(k).
-9
Let x be (-4)/(-14) + 38/14. Let j(b) = 5*b + 1 - 5 + b**2 - x. Let d = -5674 + 5669. Determine j(d).
-7
Let r be (-1 - -7) + -2 + -38 + 36. Let q(m) = -634*m**2 - m - 627*m**r + 1260*m**2. Determine q(-1).
0
Let n(s) be the first derivative of s**4/24 + 19*s**3/6 - 14*s**2 - 84. Let u(i) be the second derivative of n(i). Give u(-8).
11
Let f be (-2)/(-9) - 80/(-45). Suppose -55*o + 476 = -48*o. Let s(b) = -o + 0*b**2 + 129 - 4*b**2 - 59. Determine s(f).
-14
Suppose 5 = 19*j - 33. Let r(d) = 3*d - 3 + 5 + 0*d**2 - d**j + 3. Let q(x) = -x + 11. Let z be q(6). Determine r(z).
-5
Let g(t) = 80*t - 129. Let x(y) = -72*y + 132. Let o(s) = 7*g(s) + 8*x(s). Give o(9).
9
Suppose -2*u + 4*u - 2 = 0. Let q(k) be the second derivative of -k**4/4 - k**2/2 - 17*k + 4. What is q(u)?
-4
Let l(k) = k**2 - 3*k. Suppose -4*b - 112 = -5*s, 0 = -2*s + 150*b - 149*b + 49. Suppose 5*f + 4*y + 113 = 0, -2*y + 6 = -0*y. Let c = f + s. Determine l(c).
0
Let l be 42/(-4)*7/((-84)/8). Let r(f) = -4*f + 25. Let k be r(l). Let u(i) = -i - 3 - 2*i - 4*i**2 + 2*i**2 - 2*i. Determine u(k).
-6
Let o(j) = 21*j - 15*j + 905 - 616. Calculate o(-48).
1
Let f(h) = -h**2 - 5*h + 36. Suppose -4*d + 10*i - 100 = 0, 22 = 2*i + 10. What is f(d)?
-14
Let t be -1*(-141)/45*-1 + (-76)/(-570). Let x(v) = 3*v**3 - v**2 - 5*v - 9. Determine x(t).
-84
Let l = 2777 - 2780. Let w(r) = 14*r - 1. Calculate w(l).
-43
Suppose 998*m - 558 = 1091*m. Let b(p) = p**3 + 5*p**2 - 7*p + 3. What is b(m)?
9
Suppose 0 = 3*b + 5*n + 1360, -4*b - n - 1798 = -2*n. Let f = -451 - b. Let y(t) = -t**2 + t**3 - 5*t**2 - t - 1 + 5*t**2 + 0. Determine y(f).
-2
Let q be ((-1)/1)/(12/(-24)). Let c be q/8 + -62*9/(-72). Let r(m) = m**3 - 8*m**2 + m + 3. What is r(c)?
11
Suppose 3*j = 274 - 502 + 279. Let l(c) = -c**3 + 17*c**2 + 7*c + 31. Determine l(j).
150
Let i(t) = -15*t - 26*t - 5 + 1 - 6 + 47*t. Let d(g) = 6*g - 13. Let a(m) = -4*d(m) + 5*i(m). Calculate a(-4).
-22
Let u be (12 - 9)*21/(-9). Let m(b) = b**2 + 4*b + 13. Calculate m(u).
34
Let v(u) be the third derivative of -39*u + 11/3*u**3 + 0 - u**2 + 1/24*u**4. Determine v(-19).
3
Let i(c) = 38*c**3 + 266*c + 17*c**2 + 96 + 306*c - 39*c**3 - 540*c + 17*c**2. Determine i(35).
-9
Let m(c) = -c**3 + 2*c**2 - 2*c + 4. Let q(s) = s**3 + 6*s - 7. Let k be q(-5). Let n = 165 + k. What is m(n)?
-11
Let b(g) = -g**3 + 6*g**2 + 3*g + 1. Let q be b(5). Suppose -q = -13*f - 2. Let w(x) = -x**3 + 4*x. What is w(f)?
-15
Let k = 29299 - 29291. Let o(p) = 11 + 8*p**2 - p**3 + 1 - 5*p - 4. Calculate o(k).
-32
Suppose 1 - 5 = -x, 10 = -m + 2*x. Let t(d) = 881 - 5*d + 3*d - 882 - 71*d**2 - 5*d**3 + 71*d**2. Determine t(m).
43
Let p(d) = 4*d**2 + 26*d + 4. Let x(z) = -4*z**2 - 27*z - 5. Let w(y) = 4*p(y) + 5*x(y). Let a be w(-8). Let v(t) = 2*t + 34. What is v(a)?
0
Let w(p) = -p**2 + 12*p - 12. Let o(z) = 22*z + 364. Let x be o(-16). Calculate w(x).
-12
Suppose -x = 17*s - 14*s + 1, -2*x = 3*s - 4. Let q(h) = h**2 + 3*h - 3 - 8 + 13. Calculate q(s).
0
Let w(i) = -7*i**2 + i - 2. Let b(n) = 26*n**2 - 4*n + 11. Let c(y) = b(y) + 4*w(y). What is c(2)?
-5
Let w(v) be the second derivative of v**5/24 - 7*v**4/24 - 38*v**3/3 - 46*v. Let y(p) be the second derivative of w(p). Determine y(9).
38
Let b(d) = 2*d + 12. Suppose x + 65 = 5*g, 2 + 17 = 2*g + x. Suppose 5*r - 5*l - 14 = 26, r + 12 = -3*l. Suppose -r*i = g + 15. What is b(i)?
-6
Let g(c) be the third derivative of c**4/2 - 6*c**3 + 580*c**2. Give g(6).
36
Let k be (-3 + 1 + 0)/((-10)/45). Let l(y) = 11*y**2 + 14*y - 12*y**2 - 9 + 6. Let z(s) = -s + 1. Let i(q) = -l(q) - 5*z(q). Determine i(k).
-2
Let p be 10/(-25) - 68/5. Let f(k) be the first derivative of -1/3*k**3 + 3*k - 7*k**2 - 1. Calculate f(p).
3
Let i(y) = y - 3. Let u be i(8). Let q(n) = 333 - 669 + u*n + n**2 + 333. Determine q(-4).
-7
Let d(p) be the first derivative of -p**2 + 1/4*p**4 - 11/3*p**3 + 6 + 4*p. Determine d(11).
-18
Let q(j) = 2*j**3 + 4. Let t(u) = 13*u**3 + 3*u**2 - 5*u + 29. Let c(v) = -6*q(v) + t(v). Calculate c(-4).
9
Let m = 3414 - 3426. Let u(z) = 4*z - 16. Determine u(m).
-64
Let h(o) = 9*o**2 - 6 - 10*o**2 - o - 6*o. Let d = 72 - 67. Suppose -5*p - 21 = 3*r, 0 = d*r - 10 - 5. What is h(p)?
0
Let k(w) = -w**2 + w - 3. Let j be 130/18 - 7/252*8. What is k(j)?
-45
Let p = 62 - 60. Let f(y) = -2 - y**3 + 739*y - 1487*y + 2*y**2 + 751*y. What is f(p)?
4
Let s(j) = j**2 + 5*j - 1. Let c be s(